{"id":1712,"date":"2023-01-20T15:02:54","date_gmt":"2023-01-20T20:02:54","guid":{"rendered":"https:\/\/elernova.edu.co\/index\/?page_id=1712"},"modified":"2023-02-13T15:25:58","modified_gmt":"2023-02-13T20:25:58","slug":"directorio-general","status":"publish","type":"page","link":"https:\/\/elernova.edu.co\/index\/directorio-general\/","title":{"rendered":"Directorio general"},"content":{"rendered":"\t\t<div data-elementor-type=\"wp-page\" data-elementor-id=\"1712\" class=\"elementor elementor-1712\">\n\t\t\t\t\t\t<section class=\"elementor-section elementor-top-section elementor-element elementor-element-c91a769 elementor-section-height-min-height elementor-section-stretched elementor-section-boxed elementor-section-height-default elementor-section-items-middle\" data-id=\"c91a769\" data-element_type=\"section\" data-e-type=\"section\" data-settings=\"{&quot;stretch_section&quot;:&quot;section-stretched&quot;,&quot;background_background&quot;:&quot;classic&quot;}\">\n\t\t\t\t\t\t<div class=\"elementor-container elementor-column-gap-default\">\n\t\t\t\t\t<div class=\"elementor-column elementor-col-100 elementor-top-column elementor-element elementor-element-abb799b\" data-id=\"abb799b\" data-element_type=\"column\" data-e-type=\"column\">\n\t\t\t<div class=\"elementor-widget-wrap\">\n\t\t\t\t\t\t\t<\/div>\n\t\t<\/div>\n\t\t\t\t\t<\/div>\n\t\t<\/section>\n\t\t\t\t<section class=\"elementor-section elementor-top-section elementor-element elementor-element-704c43c elementor-section-boxed elementor-section-height-default elementor-section-height-default\" data-id=\"704c43c\" data-element_type=\"section\" data-e-type=\"section\">\n\t\t\t\t\t\t<div class=\"elementor-container elementor-column-gap-default\">\n\t\t\t\t\t<div class=\"elementor-column elementor-col-100 elementor-top-column elementor-element elementor-element-ce815f5\" data-id=\"ce815f5\" data-element_type=\"column\" data-e-type=\"column\">\n\t\t\t<div class=\"elementor-widget-wrap elementor-element-populated\">\n\t\t\t\t\t\t<div class=\"elementor-element elementor-element-860ee7f elementor-widget elementor-widget-image\" data-id=\"860ee7f\" data-element_type=\"widget\" data-e-type=\"widget\" data-widget_type=\"image.default\">\n\t\t\t\t<div class=\"elementor-widget-container\">\n\t\t\t\t\t\t\t\t\t\t\t\t\t\t\t\t<a href=\"https:\/\/elernova.edu.co\/index\/wp-content\/uploads\/2023\/02\/canales-de-comunicacion-elernova.png\" data-elementor-open-lightbox=\"yes\" data-elementor-lightbox-title=\"canales-de-comunicacion-elernova\" data-e-action-hash=\"#elementor-action%3Aaction%3Dlightbox%26settings%3DeyJpZCI6MjY0NiwidXJsIjoiaHR0cHM6XC9cL2VsZXJub3ZhLmVkdS5jb1wvaW5kZXhcL3dwLWNvbnRlbnRcL3VwbG9hZHNcLzIwMjNcLzAyXC9jYW5hbGVzLWRlLWNvbXVuaWNhY2lvbi1lbGVybm92YS5wbmcifQ%3D%3D\">\n\t\t\t\t\t\t\t<img fetchpriority=\"high\" decoding=\"async\" width=\"965\" height=\"588\" src=\"https:\/\/elernova.edu.co\/index\/wp-content\/uploads\/2023\/02\/canales-de-comunicacion-elernova.png\" class=\"attachment-large size-large wp-image-2646\" alt=\"\" \/>\t\t\t\t\t\t\t\t<\/a>\n\t\t\t\t\t\t\t\t\t\t\t\t\t\t\t<\/div>\n\t\t\t\t<\/div>\n\t\t\t\t\t<\/div>\n\t\t<\/div>\n\t\t\t\t\t<\/div>\n\t\t<\/section>\n\t\t\t\t<section class=\"elementor-section elementor-top-section elementor-element elementor-element-0b12fa7 elementor-section-boxed elementor-section-height-default elementor-section-height-default\" data-id=\"0b12fa7\" data-element_type=\"section\" data-e-type=\"section\">\n\t\t\t\t\t\t<div class=\"elementor-container elementor-column-gap-default\">\n\t\t\t\t\t<div class=\"elementor-column elementor-col-100 elementor-top-column elementor-element elementor-element-6132615\" data-id=\"6132615\" data-element_type=\"column\" data-e-type=\"column\">\n\t\t\t<div class=\"elementor-widget-wrap elementor-element-populated\">\n\t\t\t\t\t\t<div class=\"elementor-element elementor-element-5dbc624 elementor-widget elementor-widget-heading\" data-id=\"5dbc624\" data-element_type=\"widget\" data-e-type=\"widget\" data-widget_type=\"heading.default\">\n\t\t\t\t<div class=\"elementor-widget-container\">\n\t\t\t\t\t<h5 class=\"elementor-heading-title elementor-size-default\">Cont\u00e1ctese con el \u00e1rea de su inter\u00e9s en los siguientes correos.<\/h5>\t\t\t\t<\/div>\n\t\t\t\t<\/div>\n\t\t\t\t\t<\/div>\n\t\t<\/div>\n\t\t\t\t\t<\/div>\n\t\t<\/section>\n\t\t\t\t<section class=\"elementor-section elementor-top-section elementor-element elementor-element-f8b8446 elementor-section-boxed elementor-section-height-default elementor-section-height-default\" data-id=\"f8b8446\" data-element_type=\"section\" data-e-type=\"section\">\n\t\t\t\t\t\t<div class=\"elementor-container elementor-column-gap-default\">\n\t\t\t\t\t<div class=\"elementor-column elementor-col-50 elementor-top-column elementor-element elementor-element-ec28369\" data-id=\"ec28369\" data-element_type=\"column\" data-e-type=\"column\">\n\t\t\t<div class=\"elementor-widget-wrap elementor-element-populated\">\n\t\t\t\t\t\t<div class=\"elementor-element elementor-element-4162774 elementor-widget elementor-widget-text-editor\" data-id=\"4162774\" data-element_type=\"widget\" data-e-type=\"widget\" data-widget_type=\"text-editor.default\">\n\t\t\t\t<div class=\"elementor-widget-container\">\n\t\t\t\t\t\t\t\t\t<p style=\"text-align: right;\"><strong>AREA<\/strong><\/p><p style=\"text-align: right;\">\u00a0E-LERNOVA<\/p><p style=\"text-align: right;\">Admisi\u00f3n Control y Registro<\/p><p style=\"text-align: right;\">Bienestar Institucional<\/p><p style=\"text-align: right;\">Contabilidad y N\u00f3mina<\/p><p style=\"text-align: right;\">Mercadeo y Publicidad<\/p><p style=\"text-align: right;\">Vicerrector\u00eda Acad\u00e9mica y de Investigaci\u00f3n<\/p><p style=\"text-align: right;\">Gesti\u00f3n Talento Humano<\/p><p style=\"text-align: right;\">Infraestructura Tecnol\u00f3gica<\/p><p style=\"text-align: right;\">Vicerrector\u00eda de Extensi\u00f3n y Proyecci\u00f3n Social\u00a0 \u00a0<\/p>\t\t\t\t\t\t\t\t<\/div>\n\t\t\t\t<\/div>\n\t\t\t\t\t<\/div>\n\t\t<\/div>\n\t\t\t\t<div class=\"elementor-column elementor-col-50 elementor-top-column elementor-element elementor-element-c20778a\" data-id=\"c20778a\" data-element_type=\"column\" data-e-type=\"column\">\n\t\t\t<div class=\"elementor-widget-wrap elementor-element-populated\">\n\t\t\t\t\t\t<div class=\"elementor-element elementor-element-bcbf9fd elementor-widget elementor-widget-text-editor\" data-id=\"bcbf9fd\" data-element_type=\"widget\" data-e-type=\"widget\" data-widget_type=\"text-editor.default\">\n\t\t\t\t<div class=\"elementor-widget-container\">\n\t\t\t\t\t\t\t\t\t<p><strong>E-MAIL<\/strong><\/p><p><span style=\"color: #808080;\"><a style=\"color: #808080;\" href=\"mailto:info@elernova.edu.co\">info@elernova.edu.co<span style=\"font-family: var( --e-global-typography-text-font-family ), Sans-serif; font-style: inherit; font-weight: inherit;\">\u00a0<\/span><\/a><\/span><\/p><p><span style=\"color: #808080;\"><a style=\"color: #808080;\" href=\"mailto:admisiones@elernova.edu.co\">admisiones@elernova.edu.co<span style=\"font-style: inherit; font-weight: inherit; font-family: var( --e-global-typography-text-font-family ), Sans-serif;\">\u00a0<\/span><\/a><\/span><\/p><p><span style=\"color: #808080;\"><a style=\"color: #808080;\" href=\"mailto:bienestar@elernova.edu.co\">bienestar@elernova.edu.co<span style=\"font-style: inherit; font-weight: inherit; font-family: var( --e-global-typography-text-font-family ), Sans-serif;\">\u00a0<\/span><\/a><\/span><\/p><p><span style=\"color: #808080;\"><a style=\"color: #808080;\" href=\"mailto:contabilidad@elernova.edu.co\">contabilidad@elernova.edu.co<span style=\"font-style: inherit; font-weight: inherit; font-family: var( --e-global-typography-text-font-family ), Sans-serif;\">\u00a0<\/span><\/a><\/span><\/p><p><span style=\"color: #808080;\"><a style=\"color: #808080;\" href=\"mailto:mercadeo@elernova.edu.co\">mercadeo@elernova.edu.co<span style=\"font-style: inherit; font-weight: inherit; font-family: var( --e-global-typography-text-font-family ), Sans-serif;\">\u00a0<\/span><\/a><\/span><\/p><p><span style=\"color: #808080;\"><a style=\"color: #808080;\" href=\"mailto:kate.nino@elernova.edu.co\">kate.nino@elernova.edu.co<span style=\"font-style: inherit; font-weight: inherit; font-family: var( --e-global-typography-text-font-family ), Sans-serif;\">\u00a0<\/span><\/a><\/span><\/p><p><span style=\"color: #808080;\"><a style=\"color: #808080;\" href=\"mailto:gestionhumana@elernova.edu.co\">gestionhumana@elernova.edu.co<span style=\"font-style: inherit; font-weight: inherit; font-family: var( --e-global-typography-text-font-family ), Sans-serif;\">\u00a0<\/span><\/a><\/span><\/p><p><span style=\"color: #808080;\"><a style=\"color: #808080;\" href=\"mailto:soporte@elernova.edu.co\">soporte@elernova.edu.co<\/a><\/span><\/p><p><span style=\"color: #808080;\"><a style=\"color: #808080;\" href=\"mailto:diego.jimenez@elernova.edu.co\">diego.jimenez@elernova.edu.co<\/a><\/span><\/p>\t\t\t\t\t\t\t\t<\/div>\n\t\t\t\t<\/div>\n\t\t\t\t\t<\/div>\n\t\t<\/div>\n\t\t\t\t\t<\/div>\n\t\t<\/section>\n\t\t\t\t<\/div>\n\t\t","protected":false},"excerpt":{"rendered":"<p>Cont\u00e1ctese con el \u00e1rea de su inter\u00e9s en los siguientes correos. AREA \u00a0E-LERNOVA Admisi\u00f3n Control y Registro Bienestar Institucional Contabilidad y N\u00f3mina Mercadeo y Publicidad Vicerrector\u00eda Acad\u00e9mica y de Investigaci\u00f3n Gesti\u00f3n Talento Humano Infraestructura Tecnol\u00f3gica Vicerrector\u00eda de Extensi\u00f3n y Proyecci\u00f3n Social\u00a0 \u00a0 E-MAIL info@elernova.edu.co\u00a0 admisiones@elernova.edu.co\u00a0 bienestar@elernova.edu.co\u00a0 contabilidad@elernova.edu.co\u00a0 mercadeo@elernova.edu.co\u00a0 kate.nino@elernova.edu.co\u00a0 gestionhumana@elernova.edu.co\u00a0 soporte@elernova.edu.co diego.jimenez@elernova.edu.co<\/p>\n","protected":false},"author":1,"featured_media":0,"parent":0,"menu_order":0,"comment_status":"closed","ping_status":"closed","template":"","meta":{"_uag_custom_page_level_css":"","site-sidebar-layout":"no-sidebar","site-content-layout":"page-builder","ast-site-content-layout":"default","site-content-style":"default","site-sidebar-style":"default","ast-global-header-display":"","ast-banner-title-visibility":"","ast-main-header-display":"","ast-hfb-above-header-display":"","ast-hfb-below-header-display":"","ast-hfb-mobile-header-display":"","site-post-title":"disabled","ast-breadcrumbs-content":"","ast-featured-img":"disabled","footer-sml-layout":"","theme-transparent-header-meta":"","adv-header-id-meta":"","stick-header-meta":"","header-above-stick-meta":"","header-main-stick-meta":"","header-below-stick-meta":"","astra-migrate-meta-layouts":"default","ast-page-background-enabled":"default","ast-page-background-meta":{"desktop":{"background-color":"","background-image":"","background-repeat":"repeat","background-position":"center center","background-size":"auto","background-attachment":"scroll","background-type":"","background-media":"","overlay-type":"","overlay-color":"","overlay-opacity":"","overlay-gradient":""},"tablet":{"background-color":"","background-image":"","background-repeat":"repeat","background-position":"center center","background-size":"auto","background-attachment":"scroll","background-type":"","background-media":"","overlay-type":"","overlay-color":"","overlay-opacity":"","overlay-gradient":""},"mobile":{"background-color":"","background-image":"","background-repeat":"repeat","background-position":"center center","background-size":"auto","background-attachment":"scroll","background-type":"","background-media":"","overlay-type":"","overlay-color":"","overlay-opacity":"","overlay-gradient":""}},"ast-content-background-meta":{"desktop":{"background-color":"var(--ast-global-color-5)","background-image":"","background-repeat":"repeat","background-position":"center center","background-size":"auto","background-attachment":"scroll","background-type":"","background-media":"","overlay-type":"","overlay-color":"","overlay-opacity":"","overlay-gradient":""},"tablet":{"background-color":"var(--ast-global-color-5)","background-image":"","background-repeat":"repeat","background-position":"center center","background-size":"auto","background-attachment":"scroll","background-type":"","background-media":"","overlay-type":"","overlay-color":"","overlay-opacity":"","overlay-gradient":""},"mobile":{"background-color":"var(--ast-global-color-5)","background-image":"","background-repeat":"repeat","background-position":"center center","background-size":"auto","background-attachment":"scroll","background-type":"","background-media":"","overlay-type":"","overlay-color":"","overlay-opacity":"","overlay-gradient":""}},"footnotes":""},"class_list":["post-1712","page","type-page","status-publish","hentry"],"yoast_head":"<!-- This site is optimized with the Yoast SEO plugin v27.4 - https:\/\/yoast.com\/product\/yoast-seo-wordpress\/ -->\n<title>Directorio general - E-Lernova - Tecnol\u00f3gico de Energ\u00eda e Innovaci\u00f3n.<\/title>\n<meta name=\"robots\" content=\"index, follow, max-snippet:-1, max-image-preview:large, max-video-preview:-1\" \/>\n<link rel=\"canonical\" href=\"https:\/\/elernova.edu.co\/index\/directorio-general\/\" \/>\n<meta property=\"og:locale\" content=\"es_ES\" \/>\n<meta property=\"og:type\" content=\"article\" \/>\n<meta property=\"og:title\" content=\"Directorio general - E-Lernova - Tecnol\u00f3gico de Energ\u00eda e Innovaci\u00f3n.\" \/>\n<meta property=\"og:description\" content=\"Cont\u00e1ctese con el \u00e1rea de su inter\u00e9s en los siguientes correos. AREA \u00a0E-LERNOVA Admisi\u00f3n Control y Registro Bienestar Institucional Contabilidad y N\u00f3mina Mercadeo y Publicidad Vicerrector\u00eda Acad\u00e9mica y de Investigaci\u00f3n Gesti\u00f3n Talento Humano Infraestructura Tecnol\u00f3gica Vicerrector\u00eda de Extensi\u00f3n y Proyecci\u00f3n Social\u00a0 \u00a0 E-MAIL info@elernova.edu.co\u00a0 admisiones@elernova.edu.co\u00a0 bienestar@elernova.edu.co\u00a0 contabilidad@elernova.edu.co\u00a0 mercadeo@elernova.edu.co\u00a0 kate.nino@elernova.edu.co\u00a0 gestionhumana@elernova.edu.co\u00a0 soporte@elernova.edu.co diego.jimenez@elernova.edu.co\" \/>\n<meta property=\"og:url\" content=\"https:\/\/elernova.edu.co\/index\/directorio-general\/\" \/>\n<meta property=\"og:site_name\" content=\"E-Lernova - Tecnol\u00f3gico de Energ\u00eda e Innovaci\u00f3n.\" \/>\n<meta property=\"article:modified_time\" content=\"2023-02-13T20:25:58+00:00\" \/>\n<meta property=\"og:image\" content=\"https:\/\/elernova.edu.co\/index\/wp-content\/uploads\/2023\/02\/canales-de-comunicacion-elernova.png\" \/>\n<meta name=\"twitter:card\" content=\"summary_large_image\" \/>\n<script type=\"application\/ld+json\" class=\"yoast-schema-graph\">{\"@context\":\"https:\\\/\\\/schema.org\",\"@graph\":[{\"@type\":\"WebPage\",\"@id\":\"https:\\\/\\\/elernova.edu.co\\\/index\\\/directorio-general\\\/\",\"url\":\"https:\\\/\\\/elernova.edu.co\\\/index\\\/directorio-general\\\/\",\"name\":\"Directorio general - E-Lernova - Tecnol\u00f3gico de Energ\u00eda e Innovaci\u00f3n.\",\"isPartOf\":{\"@id\":\"https:\\\/\\\/elernova.edu.co\\\/index\\\/#website\"},\"primaryImageOfPage\":{\"@id\":\"https:\\\/\\\/elernova.edu.co\\\/index\\\/directorio-general\\\/#primaryimage\"},\"image\":{\"@id\":\"https:\\\/\\\/elernova.edu.co\\\/index\\\/directorio-general\\\/#primaryimage\"},\"thumbnailUrl\":\"https:\\\/\\\/elernova.edu.co\\\/index\\\/wp-content\\\/uploads\\\/2023\\\/02\\\/canales-de-comunicacion-elernova.png\",\"datePublished\":\"2023-01-20T20:02:54+00:00\",\"dateModified\":\"2023-02-13T20:25:58+00:00\",\"breadcrumb\":{\"@id\":\"https:\\\/\\\/elernova.edu.co\\\/index\\\/directorio-general\\\/#breadcrumb\"},\"inLanguage\":\"es-CO\",\"potentialAction\":[{\"@type\":\"ReadAction\",\"target\":[\"https:\\\/\\\/elernova.edu.co\\\/index\\\/directorio-general\\\/\"]}]},{\"@type\":\"ImageObject\",\"inLanguage\":\"es-CO\",\"@id\":\"https:\\\/\\\/elernova.edu.co\\\/index\\\/directorio-general\\\/#primaryimage\",\"url\":\"https:\\\/\\\/elernova.edu.co\\\/index\\\/wp-content\\\/uploads\\\/2023\\\/02\\\/canales-de-comunicacion-elernova.png\",\"contentUrl\":\"https:\\\/\\\/elernova.edu.co\\\/index\\\/wp-content\\\/uploads\\\/2023\\\/02\\\/canales-de-comunicacion-elernova.png\"},{\"@type\":\"BreadcrumbList\",\"@id\":\"https:\\\/\\\/elernova.edu.co\\\/index\\\/directorio-general\\\/#breadcrumb\",\"itemListElement\":[{\"@type\":\"ListItem\",\"position\":1,\"name\":\"Inicio\",\"item\":\"https:\\\/\\\/elernova.edu.co\\\/index\\\/\"},{\"@type\":\"ListItem\",\"position\":2,\"name\":\"Directorio general\"}]},{\"@type\":\"WebSite\",\"@id\":\"https:\\\/\\\/elernova.edu.co\\\/index\\\/#website\",\"url\":\"https:\\\/\\\/elernova.edu.co\\\/index\\\/\",\"name\":\"E-Lernova - Tecnol\u00f3gico de Energ\u00eda e Innovaci\u00f3n.\",\"description\":\"\",\"publisher\":{\"@id\":\"https:\\\/\\\/elernova.edu.co\\\/index\\\/#organization\"},\"potentialAction\":[{\"@type\":\"SearchAction\",\"target\":{\"@type\":\"EntryPoint\",\"urlTemplate\":\"https:\\\/\\\/elernova.edu.co\\\/index\\\/?s={search_term_string}\"},\"query-input\":{\"@type\":\"PropertyValueSpecification\",\"valueRequired\":true,\"valueName\":\"search_term_string\"}}],\"inLanguage\":\"es-CO\"},{\"@type\":\"Organization\",\"@id\":\"https:\\\/\\\/elernova.edu.co\\\/index\\\/#organization\",\"name\":\"E-Lernova - Tecnol\u00f3gico de Energ\u00eda e Innovaci\u00f3n.\",\"url\":\"https:\\\/\\\/elernova.edu.co\\\/index\\\/\",\"logo\":{\"@type\":\"ImageObject\",\"inLanguage\":\"es-CO\",\"@id\":\"https:\\\/\\\/elernova.edu.co\\\/index\\\/#\\\/schema\\\/logo\\\/image\\\/\",\"url\":\"https:\\\/\\\/elernova.edu.co\\\/index\\\/wp-content\\\/uploads\\\/2023\\\/02\\\/Logo-Elernova-color.png\",\"contentUrl\":\"https:\\\/\\\/elernova.edu.co\\\/index\\\/wp-content\\\/uploads\\\/2023\\\/02\\\/Logo-Elernova-color.png\",\"width\":207,\"height\":82,\"caption\":\"E-Lernova - Tecnol\u00f3gico de Energ\u00eda e Innovaci\u00f3n.\"},\"image\":{\"@id\":\"https:\\\/\\\/elernova.edu.co\\\/index\\\/#\\\/schema\\\/logo\\\/image\\\/\"}}]}<\/script>\n<!-- \/ Yoast SEO plugin. -->","yoast_head_json":{"title":"Directorio general - E-Lernova - Tecnol\u00f3gico de Energ\u00eda e Innovaci\u00f3n.","robots":{"index":"index","follow":"follow","max-snippet":"max-snippet:-1","max-image-preview":"max-image-preview:large","max-video-preview":"max-video-preview:-1"},"canonical":"https:\/\/elernova.edu.co\/index\/directorio-general\/","og_locale":"es_ES","og_type":"article","og_title":"Directorio general - E-Lernova - Tecnol\u00f3gico de Energ\u00eda e Innovaci\u00f3n.","og_description":"Cont\u00e1ctese con el \u00e1rea de su inter\u00e9s en los siguientes correos. AREA \u00a0E-LERNOVA Admisi\u00f3n Control y Registro Bienestar Institucional Contabilidad y N\u00f3mina Mercadeo y Publicidad Vicerrector\u00eda Acad\u00e9mica y de Investigaci\u00f3n Gesti\u00f3n Talento Humano Infraestructura Tecnol\u00f3gica Vicerrector\u00eda de Extensi\u00f3n y Proyecci\u00f3n Social\u00a0 \u00a0 E-MAIL info@elernova.edu.co\u00a0 admisiones@elernova.edu.co\u00a0 bienestar@elernova.edu.co\u00a0 contabilidad@elernova.edu.co\u00a0 mercadeo@elernova.edu.co\u00a0 kate.nino@elernova.edu.co\u00a0 gestionhumana@elernova.edu.co\u00a0 soporte@elernova.edu.co diego.jimenez@elernova.edu.co","og_url":"https:\/\/elernova.edu.co\/index\/directorio-general\/","og_site_name":"E-Lernova - Tecnol\u00f3gico de Energ\u00eda e Innovaci\u00f3n.","article_modified_time":"2023-02-13T20:25:58+00:00","og_image":[{"url":"https:\/\/elernova.edu.co\/index\/wp-content\/uploads\/2023\/02\/canales-de-comunicacion-elernova.png","type":"","width":"","height":""}],"twitter_card":"summary_large_image","schema":{"@context":"https:\/\/schema.org","@graph":[{"@type":"WebPage","@id":"https:\/\/elernova.edu.co\/index\/directorio-general\/","url":"https:\/\/elernova.edu.co\/index\/directorio-general\/","name":"Directorio general - E-Lernova - Tecnol\u00f3gico de Energ\u00eda e Innovaci\u00f3n.","isPartOf":{"@id":"https:\/\/elernova.edu.co\/index\/#website"},"primaryImageOfPage":{"@id":"https:\/\/elernova.edu.co\/index\/directorio-general\/#primaryimage"},"image":{"@id":"https:\/\/elernova.edu.co\/index\/directorio-general\/#primaryimage"},"thumbnailUrl":"https:\/\/elernova.edu.co\/index\/wp-content\/uploads\/2023\/02\/canales-de-comunicacion-elernova.png","datePublished":"2023-01-20T20:02:54+00:00","dateModified":"2023-02-13T20:25:58+00:00","breadcrumb":{"@id":"https:\/\/elernova.edu.co\/index\/directorio-general\/#breadcrumb"},"inLanguage":"es-CO","potentialAction":[{"@type":"ReadAction","target":["https:\/\/elernova.edu.co\/index\/directorio-general\/"]}]},{"@type":"ImageObject","inLanguage":"es-CO","@id":"https:\/\/elernova.edu.co\/index\/directorio-general\/#primaryimage","url":"https:\/\/elernova.edu.co\/index\/wp-content\/uploads\/2023\/02\/canales-de-comunicacion-elernova.png","contentUrl":"https:\/\/elernova.edu.co\/index\/wp-content\/uploads\/2023\/02\/canales-de-comunicacion-elernova.png"},{"@type":"BreadcrumbList","@id":"https:\/\/elernova.edu.co\/index\/directorio-general\/#breadcrumb","itemListElement":[{"@type":"ListItem","position":1,"name":"Inicio","item":"https:\/\/elernova.edu.co\/index\/"},{"@type":"ListItem","position":2,"name":"Directorio general"}]},{"@type":"WebSite","@id":"https:\/\/elernova.edu.co\/index\/#website","url":"https:\/\/elernova.edu.co\/index\/","name":"E-Lernova - Tecnol\u00f3gico de Energ\u00eda e Innovaci\u00f3n.","description":"","publisher":{"@id":"https:\/\/elernova.edu.co\/index\/#organization"},"potentialAction":[{"@type":"SearchAction","target":{"@type":"EntryPoint","urlTemplate":"https:\/\/elernova.edu.co\/index\/?s={search_term_string}"},"query-input":{"@type":"PropertyValueSpecification","valueRequired":true,"valueName":"search_term_string"}}],"inLanguage":"es-CO"},{"@type":"Organization","@id":"https:\/\/elernova.edu.co\/index\/#organization","name":"E-Lernova - Tecnol\u00f3gico de Energ\u00eda e Innovaci\u00f3n.","url":"https:\/\/elernova.edu.co\/index\/","logo":{"@type":"ImageObject","inLanguage":"es-CO","@id":"https:\/\/elernova.edu.co\/index\/#\/schema\/logo\/image\/","url":"https:\/\/elernova.edu.co\/index\/wp-content\/uploads\/2023\/02\/Logo-Elernova-color.png","contentUrl":"https:\/\/elernova.edu.co\/index\/wp-content\/uploads\/2023\/02\/Logo-Elernova-color.png","width":207,"height":82,"caption":"E-Lernova - Tecnol\u00f3gico de Energ\u00eda e Innovaci\u00f3n."},"image":{"@id":"https:\/\/elernova.edu.co\/index\/#\/schema\/logo\/image\/"}}]}},"uagb_featured_image_src":{"full":false,"thumbnail":false,"medium":false,"medium_large":false,"large":false,"1536x1536":false,"2048x2048":false},"uagb_author_info":{"display_name":"admin","author_link":"https:\/\/elernova.edu.co\/index\/author\/admin\/"},"uagb_comment_info":0,"uagb_excerpt":"Cont\u00e1ctese con el \u00e1rea de su inter\u00e9s en los siguientes correos. AREA \u00a0E-LERNOVA Admisi\u00f3n Control y Registro Bienestar Institucional Contabilidad y N\u00f3mina Mercadeo y Publicidad Vicerrector\u00eda Acad\u00e9mica y de Investigaci\u00f3n Gesti\u00f3n Talento Humano Infraestructura Tecnol\u00f3gica Vicerrector\u00eda de Extensi\u00f3n y Proyecci\u00f3n Social\u00a0 \u00a0 E-MAIL info@elernova.edu.co\u00a0 admisiones@elernova.edu.co\u00a0 bienestar@elernova.edu.co\u00a0 contabilidad@elernova.edu.co\u00a0 mercadeo@elernova.edu.co\u00a0 kate.nino@elernova.edu.co\u00a0 gestionhumana@elernova.edu.co\u00a0 soporte@elernova.edu.co diego.jimenez@elernova.edu.co","_links":{"self":[{"href":"https:\/\/elernova.edu.co\/index\/wp-json\/wp\/v2\/pages\/1712","targetHints":{"allow":["GET"]}}],"collection":[{"href":"https:\/\/elernova.edu.co\/index\/wp-json\/wp\/v2\/pages"}],"about":[{"href":"https:\/\/elernova.edu.co\/index\/wp-json\/wp\/v2\/types\/page"}],"author":[{"embeddable":true,"href":"https:\/\/elernova.edu.co\/index\/wp-json\/wp\/v2\/users\/1"}],"replies":[{"embeddable":true,"href":"https:\/\/elernova.edu.co\/index\/wp-json\/wp\/v2\/comments?post=1712"}],"version-history":[{"count":16,"href":"https:\/\/elernova.edu.co\/index\/wp-json\/wp\/v2\/pages\/1712\/revisions"}],"predecessor-version":[{"id":4022,"href":"https:\/\/elernova.edu.co\/index\/wp-json\/wp\/v2\/pages\/1712\/revisions\/4022"}],"wp:attachment":[{"href":"https:\/\/elernova.edu.co\/index\/wp-json\/wp\/v2\/media?parent=1712"}],"curies":[{"name":"wp","href":"https:\/\/api.w.org\/{rel}","templated":true}]}}